[INFO] cloning repository https://github.com/tthorn/Enums
[INFO] running `Command { std: "git" "-c" "credential.helper=" "-c" "credential.helper=/workspace/cargo-home/bin/git-credential-null" "clone" "--bare" "https://github.com/tthorn/Enums" "/workspace/cache/git-repos/https%3A%2F%2Fgithub.com%2Ftthorn%2FEnums", kill_on_drop: false }`
[INFO] [stderr] Cloning into bare repository '/workspace/cache/git-repos/https%3A%2F%2Fgithub.com%2Ftthorn%2FEnums'...
[INFO] running `Command { std: "git" "rev-parse" "HEAD", kill_on_drop: false }`
[INFO] [stdout] 25ed9cdfc10d9c1bdb2bccdcfe8f79da26a7c36b
[INFO] building tthorn/Enums against master#ff34b919075f35a1787659e9c448a34b06bab8de for issue-85264
[INFO] running `Command { std: "git" "clone" "/workspace/cache/git-repos/https%3A%2F%2Fgithub.com%2Ftthorn%2FEnums" "/workspace/builds/worker-14/source", kill_on_drop: false }`
[INFO] [stderr] Cloning into '/workspace/builds/worker-14/source'...
[INFO] [stderr] done.
[INFO] validating manifest of git repo https://github.com/tthorn/Enums on toolchain ff34b919075f35a1787659e9c448a34b06bab8de
[INFO] running `Command { std: "/workspace/cargo-home/bin/cargo" "+ff34b919075f35a1787659e9c448a34b06bab8de" "metadata" "--manifest-path" "Cargo.toml" "--no-deps", kill_on_drop: false }`
[INFO] started tweaking git repo https://github.com/tthorn/Enums
[INFO] finished tweaking git repo https://github.com/tthorn/Enums
[INFO] tweaked toml for git repo https://github.com/tthorn/Enums written to /workspace/builds/worker-14/source/Cargo.toml
[INFO] crate git repo https://github.com/tthorn/Enums already has a lockfile, it will not be regenerated
[INFO] running `Command { std: "/workspace/cargo-home/bin/cargo" "+ff34b919075f35a1787659e9c448a34b06bab8de" "fetch" "--manifest-path" "Cargo.toml", kill_on_drop: false }`
[INFO] running `Command { std: "docker" "create" "-v" "/var/lib/crater-agent-workspace/builds/worker-14/target:/opt/rustwide/target:rw,Z" "-v" "/var/lib/crater-agent-workspace/builds/worker-14/source:/opt/rustwide/workdir:ro,Z" "-v" "/var/lib/crater-agent-workspace/cargo-home:/opt/rustwide/cargo-home:ro,Z" "-v" "/var/lib/crater-agent-workspace/rustup-home:/opt/rustwide/rustup-home:ro,Z" "-e" "SOURCE_DIR=/opt/rustwide/workdir" "-e" "CARGO_TARGET_DIR=/opt/rustwide/target" "-e" "CARGO_HOME=/opt/rustwide/cargo-home" "-e" "RUSTUP_HOME=/opt/rustwide/rustup-home" "-w" "/opt/rustwide/workdir" "-m" "1610612736" "--user" "0:0" "--network" "none" "ghcr.io/rust-lang/crates-build-env/linux@sha256:20528e8c29e4536546f0102ce88568b16ea7538393a33fcca951030f7af10457" "/opt/rustwide/cargo-home/bin/cargo" "+ff34b919075f35a1787659e9c448a34b06bab8de" "metadata" "--no-deps" "--format-version=1", kill_on_drop: false }`
[INFO] [stdout] d7d1f06a71dced3f5f669e3b745fd6045f53db71ef11af6e96e823645d31d074
[INFO] [stderr] WARNING: Your kernel does not support swap limit capabilities or the cgroup is not mounted. Memory limited without swap.
[INFO] running `Command { std: "docker" "start" "-a" "d7d1f06a71dced3f5f669e3b745fd6045f53db71ef11af6e96e823645d31d074", kill_on_drop: false }`
[INFO] running `Command { std: "docker" "inspect" "d7d1f06a71dced3f5f669e3b745fd6045f53db71ef11af6e96e823645d31d074", kill_on_drop: false }`
[INFO] running `Command { std: "docker" "rm" "-f" "d7d1f06a71dced3f5f669e3b745fd6045f53db71ef11af6e96e823645d31d074", kill_on_drop: false }`
[INFO] [stdout] d7d1f06a71dced3f5f669e3b745fd6045f53db71ef11af6e96e823645d31d074
[INFO] running `Command { std: "docker" "create" "-v" "/var/lib/crater-agent-workspace/builds/worker-14/target:/opt/rustwide/target:rw,Z" "-v" "/var/lib/crater-agent-workspace/builds/worker-14/source:/opt/rustwide/workdir:ro,Z" "-v" "/var/lib/crater-agent-workspace/cargo-home:/opt/rustwide/cargo-home:ro,Z" "-v" "/var/lib/crater-agent-workspace/rustup-home:/opt/rustwide/rustup-home:ro,Z" "-e" "SOURCE_DIR=/opt/rustwide/workdir" "-e" "CARGO_TARGET_DIR=/opt/rustwide/target" "-e" "CARGO_INCREMENTAL=0" "-e" "RUST_BACKTRACE=full" "-e" "RUSTFLAGS=--cap-lints=forbid" "-e" "CARGO_HOME=/opt/rustwide/cargo-home" "-e" "RUSTUP_HOME=/opt/rustwide/rustup-home" "-w" "/opt/rustwide/workdir" "-m" "1610612736" "--user" "0:0" "--network" "none" "ghcr.io/rust-lang/crates-build-env/linux@sha256:20528e8c29e4536546f0102ce88568b16ea7538393a33fcca951030f7af10457" "/opt/rustwide/cargo-home/bin/cargo" "+ff34b919075f35a1787659e9c448a34b06bab8de" "build" "--frozen" "--message-format=json", kill_on_drop: false }`
[INFO] [stdout] d361f9caa6fe8e76f65772188a9a4b983184fc490a54b355c524d7b9a64005e5
[INFO] [stderr] WARNING: Your kernel does not support swap limit capabilities or the cgroup is not mounted. Memory limited without swap.
[INFO] running `Command { std: "docker" "start" "-a" "d361f9caa6fe8e76f65772188a9a4b983184fc490a54b355c524d7b9a64005e5", kill_on_drop: false }`
[INFO] [stderr]    Compiling enums v0.0.1 (/opt/rustwide/workdir)
[INFO] [stdout] error[E0412]: cannot find type `int` in this scope
[INFO] [stdout]  --> src/main.rs:9:16
[INFO] [stdout]   |
[INFO] [stdout] 9 | fn findSign(a: int) -> Sign {
[INFO] [stdout]   |                ^^^
[INFO] [stdout]   |                |
[INFO] [stdout]   |                not found in this scope
[INFO] [stdout]   |                help: perhaps you intended to use this type: `i32`
[INFO] [stdout] 
[INFO] [stdout] 
[INFO] [stdout] error[E0412]: cannot find type `int` in this scope
[INFO] [stdout]   --> src/main.rs:19:27
[INFO] [stdout]    |
[INFO] [stdout] 19 |     let input_num: Option<int> = from_str(input.as_slice().trim());
[INFO] [stdout]    |                           ^^^
[INFO] [stdout]    |                           |
[INFO] [stdout]    |                           not found in this scope
[INFO] [stdout]    |                           help: perhaps you intended to use this type: `i32`
[INFO] [stdout] 
[INFO] [stdout] 
[INFO] [stdout] error[E0425]: cannot find function `from_str` in this scope
[INFO] [stdout]   --> src/main.rs:19:34
[INFO] [stdout]    |
[INFO] [stdout] 19 |     let input_num: Option<int> = from_str(input.as_slice().trim());
[INFO] [stdout]    |                                  ^^^^^^^^ not found in this scope
[INFO] [stdout] 
[INFO] [stdout] 
[INFO] [stdout] error[E0061]: this function takes 1 argument but 0 arguments were supplied
[INFO] [stdout]    --> src/main.rs:18:29
[INFO] [stdout]     |
[INFO] [stdout] 18  |     let input = io::stdin().read_line().ok().expect("Failed to read line.");
[INFO] [stdout]     |                             ^^^^^^^^^- supplied 0 arguments
[INFO] [stdout]     |                             |
[INFO] [stdout]     |                             expected 1 argument
[INFO] [stdout]     |
[INFO] [stdout] note: associated function defined here
[INFO] [stdout] 
[INFO] [stdout] 
[INFO] [stdout] error[E0599]: no method named `as_slice` found for type `usize` in the current scope
[INFO] [stdout]   --> src/main.rs:19:49
[INFO] [stdout]    |
[INFO] [stdout] 19 |     let input_num: Option<int> = from_str(input.as_slice().trim());
[INFO] [stdout]    |                                                 ^^^^^^^^ method not found in `usize`
[INFO] [stdout] 
[INFO] [stdout] 
[INFO] [stdout] error: aborting due to 5 previous errors
[INFO] [stdout] 
[INFO] [stdout] 
[INFO] [stdout] Some errors have detailed explanations: E0061, E0412, E0425, E0599.
[INFO] [stdout] 
[INFO] [stdout] For more information about an error, try `rustc --explain E0061`.
[INFO] [stdout] 
[INFO] [stderr] error: could not compile `enums`
[INFO] [stderr] 
[INFO] [stderr] To learn more, run the command again with --verbose.
[INFO] running `Command { std: "docker" "inspect" "d361f9caa6fe8e76f65772188a9a4b983184fc490a54b355c524d7b9a64005e5", kill_on_drop: false }`
[INFO] running `Command { std: "docker" "rm" "-f" "d361f9caa6fe8e76f65772188a9a4b983184fc490a54b355c524d7b9a64005e5", kill_on_drop: false }`
[INFO] [stdout] d361f9caa6fe8e76f65772188a9a4b983184fc490a54b355c524d7b9a64005e5
